{"id":4976,"date":"2021-08-24T13:46:30","date_gmt":"2021-08-24T17:46:30","guid":{"rendered":"https:\/\/colegionuevanazaret.cl\/colegiocristianopolivalente\/?page_id=4976"},"modified":"2021-08-24T13:47:47","modified_gmt":"2021-08-24T17:47:47","slug":"beca-practica-de-la-tecnico-profesional-bptp","status":"publish","type":"page","link":"https:\/\/colegionuevanazaret.cl\/colegiocristianopolivalente\/beca-practica-de-la-tecnico-profesional-bptp\/","title":{"rendered":"Beca Pr\u00e1ctica de la T\u00e9cnico Profesional (BPTP)"},"content":{"rendered":"<p style=\"text-align: center;\"><a href=\"https:\/\/colegionuevanazaret.cl\/colegiocristianopolivalente\/wp-content\/uploads\/2021\/08\/BECA-BPTP.pdf\" class=\"pdfemb-viewer\" style=\"\" data-width=\"max\" data-height=\"max\" data-toolbar=\"both\" data-toolbar-fixed=\"on\">BECA BPTP<\/a><\/p>\n<p>Video tutorial para postulaci\u00f3n Beca Pr\u00e1ctica de la T\u00e9cnico Profesional (BPTP)<\/p>\n<div style=\"width: 640px;\" class=\"wp-video\"><!--[if lt IE 9]><script>document.createElement('video');<\/script><![endif]-->\n<video class=\"wp-video-shortcode\" id=\"video-4976-1\" width=\"640\" height=\"360\" preload=\"metadata\" controls=\"controls\"><source type=\"video\/mp4\" src=\"https:\/\/colegionuevanazaret.cl\/colegiocristianopolivalente\/wp-content\/uploads\/2021\/08\/PostulacionBPTP2021vf.mp4?_=1\" \/><a href=\"https:\/\/colegionuevanazaret.cl\/colegiocristianopolivalente\/wp-content\/uploads\/2021\/08\/PostulacionBPTP2021vf.mp4\">https:\/\/colegionuevanazaret.cl\/colegiocristianopolivalente\/wp-content\/uploads\/2021\/08\/PostulacionBPTP2021vf.mp4<\/a><\/video><\/div>\n<p>&nbsp;<\/p>\n<p style=\"text-align: center;\">\n","protected":false},"excerpt":{"rendered":"<p>Video tutorial para postulaci\u00f3n Beca Pr\u00e1ctica de la T\u00e9cnico Profesional (BPTP) &nbsp;<\/p>\n","protected":false},"author":1,"featured_media":0,"parent":0,"menu_order":0,"comment_status":"closed","ping_status":"closed","template":"","meta":[],"_links":{"self":[{"href":"https:\/\/colegionuevanazaret.cl\/colegiocristianopolivalente\/wp-json\/wp\/v2\/pages\/4976"}],"collection":[{"href":"https:\/\/colegionuevanazaret.cl\/colegiocristianopolivalente\/wp-json\/wp\/v2\/pages"}],"about":[{"href":"https:\/\/colegionuevanazaret.cl\/colegiocristianopolivalente\/wp-json\/wp\/v2\/types\/page"}],"author":[{"embeddable":true,"href":"https:\/\/colegionuevanazaret.cl\/colegiocristianopolivalente\/wp-json\/wp\/v2\/users\/1"}],"replies":[{"embeddable":true,"href":"https:\/\/colegionuevanazaret.cl\/colegiocristianopolivalente\/wp-json\/wp\/v2\/comments?post=4976"}],"version-history":[{"count":2,"href":"https:\/\/colegionuevanazaret.cl\/colegiocristianopolivalente\/wp-json\/wp\/v2\/pages\/4976\/revisions"}],"predecessor-version":[{"id":4980,"href":"https:\/\/colegionuevanazaret.cl\/colegiocristianopolivalente\/wp-json\/wp\/v2\/pages\/4976\/revisions\/4980"}],"wp:attachment":[{"href":"https:\/\/colegionuevanazaret.cl\/colegiocristianopolivalente\/wp-json\/wp\/v2\/media?parent=4976"}],"curies":[{"name":"wp","href":"https:\/\/api.w.org\/{rel}","templated":true}]}}