{"id":5063,"date":"2021-11-17T14:50:18","date_gmt":"2021-11-17T17:50:18","guid":{"rendered":"https:\/\/colegionuevanazaret.cl\/colegiocristianopolivalente\/?page_id=5063"},"modified":"2021-11-17T14:50:18","modified_gmt":"2021-11-17T17:50:18","slug":"actividades-extracurriculares","status":"publish","type":"page","link":"https:\/\/colegionuevanazaret.cl\/colegiocristianopolivalente\/actividades-extracurriculares\/","title":{"rendered":"Actividades extracurriculares"},"content":{"rendered":"<h2 style=\"text-align: center;\"><strong>PRESENTACI\u00d3N FOLCL\u00d3RICA 2021<\/strong><\/h2>\n<p style=\"text-align: center;\"><strong>ENSE\u00d1ANZA B\u00c1SICA<\/strong><\/p>\n<p style=\"text-align: center;\"><iframe loading=\"lazy\" title=\"YouTube video player\" src=\"https:\/\/www.youtube.com\/embed\/Zk1zVmNVwts\" width=\"660\" height=\"415\" frameborder=\"0\" allowfullscreen=\"allowfullscreen\"><\/iframe><\/p>\n<p style=\"text-align: center;\"><strong>ENSE\u00d1ANZA MEDIA<\/strong><\/p>\n<p style=\"text-align: center;\"><iframe loading=\"lazy\" title=\"YouTube video player\" src=\"https:\/\/www.youtube.com\/embed\/p3tLFoKCJbY\" width=\"660\" height=\"415\" frameborder=\"0\" allowfullscreen=\"allowfullscreen\"><\/iframe><\/p>\n<p style=\"text-align: center;\"><strong>PRESENTACI\u00d3N DOCENTES<\/strong><\/p>\n<p style=\"text-align: center;\"><iframe loading=\"lazy\" title=\"YouTube video player\" src=\"https:\/\/www.youtube.com\/embed\/rbY0iA72ZRY\" width=\"660\" height=\"415\" frameborder=\"0\" allowfullscreen=\"allowfullscreen\"><span data-mce-type=\"bookmark\" style=\"display: inline-block; width: 0px; overflow: hidden; line-height: 0;\" class=\"mce_SELRES_start\">\ufeff<\/span><\/iframe><\/p>\n<p>&nbsp;<\/p>\n<p>&nbsp;<\/p>\n","protected":false},"excerpt":{"rendered":"<p>PRESENTACI\u00d3N FOLCL\u00d3RICA 2021 ENSE\u00d1ANZA B\u00c1SICA ENSE\u00d1ANZA MEDIA PRESENTACI\u00d3N DOCENTES \ufeff &nbsp; &nbsp;<\/p>\n","protected":false},"author":1,"featured_media":0,"parent":0,"menu_order":0,"comment_status":"closed","ping_status":"closed","template":"","meta":[],"_links":{"self":[{"href":"https:\/\/colegionuevanazaret.cl\/colegiocristianopolivalente\/wp-json\/wp\/v2\/pages\/5063"}],"collection":[{"href":"https:\/\/colegionuevanazaret.cl\/colegiocristianopolivalente\/wp-json\/wp\/v2\/pages"}],"about":[{"href":"https:\/\/colegionuevanazaret.cl\/colegiocristianopolivalente\/wp-json\/wp\/v2\/types\/page"}],"author":[{"embeddable":true,"href":"https:\/\/colegionuevanazaret.cl\/colegiocristianopolivalente\/wp-json\/wp\/v2\/users\/1"}],"replies":[{"embeddable":true,"href":"https:\/\/colegionuevanazaret.cl\/colegiocristianopolivalente\/wp-json\/wp\/v2\/comments?post=5063"}],"version-history":[{"count":1,"href":"https:\/\/colegionuevanazaret.cl\/colegiocristianopolivalente\/wp-json\/wp\/v2\/pages\/5063\/revisions"}],"predecessor-version":[{"id":5064,"href":"https:\/\/colegionuevanazaret.cl\/colegiocristianopolivalente\/wp-json\/wp\/v2\/pages\/5063\/revisions\/5064"}],"wp:attachment":[{"href":"https:\/\/colegionuevanazaret.cl\/colegiocristianopolivalente\/wp-json\/wp\/v2\/media?parent=5063"}],"curies":[{"name":"wp","href":"https:\/\/api.w.org\/{rel}","templated":true}]}}